 prime factors of l(-2)?
5, 13
Let x(z) = -z + 6. Let p be x(6). Let i be 2*1 - (-2 + 1). Suppose i*d + d - 44 = p. List the prime factors of d.
11
Let u = 88 - 54. List the prime factors of u.
2, 17
Suppose -152 = n - 3*n. Suppose -2*r - 2*r = -n. Let c = r + -9. List the prime factors of c.
2, 5
Let w(m) = 2*m**3 - 4*m**2 - 3*m + 6. What are the prime factors of w(5)?
3, 47
Suppose -i = i - 128. What are the prime factors of i?
2
What are the prime factors of -2 + (-10)/(-6) + 912/9?
101
Let z(p) = p**2 + 3*p - 7. Let o be 29/9 + (-8)/36. Suppose -d - 2*s = 5, d - 5 = 2*d - o*s. What are the prime factors of z(d)?
3
Suppose -j + 2*h = j - 6, 3*j + 2*h = -1. Let b(x) = 9*x - 1. What are the prime factors of b(j)?
2
Let q(t) = -4*t**2 + 2*t + 2. Let b be q(2). Let c = b + 18. List the prime factors of c.
2
Suppose -3*d - 28 = -5*d. List the prime factors of d.
2, 7
Suppose 5*i + 24 = i. Let a(o) = -o**3 + o**2 - 1. Let d(h) = 5*h**3 + h**2 - 3*h + 9. Let s(q) = -4*a(q) - d(q). What are the prime factors of s(i)?
13
Let w(l) = -4*l - 6*l**2 + 8*l - l**3 + 0*l. What are the prime factors of w(-7)?
3, 7
Let q be (-8)/10*90/(-4). Suppose 5*b - q = -2*x, 4*b + 4 = 4*x - x. Let r = 7 - b. List the prime factors of r.
5
Suppose -2*h + 7 = -3*s, 0*s = -4*h + s + 19. Let x(c) = c**2 - 4*c - 2. Let f be x(5). Suppose -f*j = -h*j + 16. List the prime factors of j.
2
Let h(o) = o**2 - 5*o + 5. Let v be h(4). Suppose 4*r = v + 19. What are the prime factors of r?
5
Suppose -2*f = -5*x + 47, 6*x - 3*x + 2*f - 25 = 0. List the prime factors of x + (-1 - -3) + -1.
2, 5
Suppose 2*t = -5*c + 1667, 5*t + 1025 = -6*c + 9*c. What are the prime factors of c?
5, 67
Let u(a) = 4*a**2 - 7*a + 2. What are the prime factors of u(5)?
67
Let i be ((-4)/(-6))/(9/(-162)). Let w = 27 + i. List the prime factors of w.
3, 5
Let l be 7*(2 + -5)/(-3). Let n(q) = q**2 - 4*q - 10. List the prime factors of n(l).
11
Suppose 0*d + 33 = l - 5*d, l + 3 = -4*d. Let r = l - -1. List the prime factors of r.
2, 7
What are the prime factors of 45/(-6)*(5 - 7)?
3, 5
Suppose -m - 155 = -6*m. List the prime factors of m.
31
Suppose 422 = 4*f + p, -5*p = -4*f + f + 305. List the prime factors of f.
3, 5, 7
Let g(c) = 19*c - 2. What are the prime factors of g(3)?
5, 11
Suppose -2*s = 8*s - 1760. List the prime factors of s.
2, 11
Let b = 88 - 12. Suppose 5*i = -4*c + b, -5*i + 77 = 5*c - 3. What are the prime factors of i?
2, 3
Let i(d) = 5 - 4 - 3 + 7*d. List the prime factors of i(2).
2, 3
Let b = 16 + -13. Suppose -5*z + 10 = 0, -2*s + s - 3*z + 19 = 0. Suppose 2 = b*j - s. What are the prime factors of j?
5
Let h(c) = c + 6. Let k be 1/5 - 87/(-15). List the prime factors of h(k).
2, 3
Let o be -1 - (12/(-3) + -2). Suppose 2*r = -y + 13, r = o - 4. List the prime factors of 86/y + 8/44.
2
Let q = 62 - 92. List the prime factors of (9 - 10)/(2/q).
3, 5
Let l = -16 + 36. Let v = l - 11. Let j = v - -1. List the prime factors of j.
2, 5
Let y(h) = -h**3 - 8*h**2 + 29*h + 35. What are the prime factors of y(-11)?
79
Suppose 5*o - 5 = 4*w, 2*w = 5*w + 4*o - 35. Let i(f) = -f**2 + 9*f - 5. List the prime factors of i(w).
3, 5
Suppose 0 = 2*d + 3*d. Suppose -y - 91 = -3*p - 0*y, -2*p - y + 54 = d. List the prime factors of p.
29
Let r(q) = 3*q + 5. Let o(f) = 7*f + 11. Let w(a) = -2*o(a) + 5*r(a). Let n be w(5). Let c = -2 + n. List the prime factors of c.
2, 3
Suppose 3*g = 4*g - 185. What are the prime factors of g?
5, 37
Let t = 654 - 986. List the prime factors of 8/20 + t/(-20).
17
Let p = 14 + 6. What are the prime factors of p?
2, 5
Suppose 4*o - 3*o - 27 = 0. What are the prime factors of o?
3
Suppose 0*v - 2*v = -78. Suppose 4*f + 63 = 5*h, f - 3*f + h = v. Let i = 38 + f. What are the prime factors of i?
2
Let x(t) = 5*t + 0 - 4*t - 2*t - 7. Let u be x(-11). Let m = u - -9. List the prime factors of m.
13
Suppose 0 = 3*l + 3*t - 2 - 4, -2*t = 4*l. Let b be 12/(-18) - 74/6. What are the prime factors of -1*(b - 1*l)?
11
Suppose -3*v = -4*n + 978, -2*v + 2 + 2 = 0. List the prime factors of n.
2, 3, 41
Let h = -110 + 328. List the prime factors of h.
2, 109
Let j be (-2)/(-5) + (-462)/30. Let l be 8/(-2)*j/12. What are the prime factors of (3 + -6)*-1*l?
3, 5
Suppose -5*y + 156 = -9. Let c(s) = s**3 + 3*s**2 - 1. Let v be c(-2). Suppose -k + 3*k - 5*g = -13, 3*k + v*g - y = 0. What are the prime factors of k?
2, 3
Let s(d) = d - 3. List the prime factors of s(5).
2
Suppose -h + 0*p + 1 = p, 0 = -h - 5*p + 5. Let a be h - (-2 + (0 - -2)). Suppose -4*x + q + 63 = -4*q, a = -3*x - q + 33. List the prime factors of x.
2, 3
Suppose -2*j = -3*x + 2, -x + 4*x = -2*j + 10. Let o be (-1)/(1 - 2) - j. Let y = 4 - o. List the prime factors of y.
5
Let m = -26 + 72. List the prime factors of m.
2, 23
Let z(h) = 0*h**3 + h**3 + 5*h**2 + 2*h + 23 - 19. Let n = -3 - 1. List the prime factors of z(n).
2, 3
List the prime factors of (0 + 44/(-6))*(-6 + 0).
2, 11
Suppose -6*q + 4 = 2*o - 3*q, -o + 2*q + 9 = 0. Suppose c - 3*t = 21, o*t + 77 = 4*c - 0*t. What are the prime factors of c?
2, 3
Let p = -2 + 6. Suppose -3*x = -5*j + 28, 8*j - 4*j + p*x = 16. List the prime factors of j.
5
Suppose 3*z + 86 = 5*z. What are the prime factors of z?
43
Let g(f) = 22*f - 1. Let b be g(-2). Let w = -21 - b. List the prime factors of w.
2, 3
Let l(m) = 3*m**2 - 6*m + 1. Let b be l(4). List the prime factors of (-2)/8*-4*b.
5
List the prime factors of ((-1486)/10 + 6/(-15))/(-1).
149
Suppose 4*t + 5*a + 21 = 2*a, 3 = 3*a. What are the prime factors of (0 - (-3)/t)*-24?
2, 3
List the prime factors of (-1)/4 - 465/(-20).
23
Suppose 0 = -o - 9 - 1. Let z = o - -13. What are the prime factors of z?
3
Let a(b) = -3*b + 2*b + 3*b - 6. What are the prime factors of a(5)?
2
What are the prime factors of 353/2 + 1 - (-1)/(-2)?
3, 59
Let r(f) be the third derivative of f**6/60 + f**4/24 - f**3/6 - f**2. List the prime factors of r(1).
2
What are the prime factors of (-76)/(-12) - (-1)/(-3)?
2, 3
Let x be 1/(-3)*6/(-2). Suppose 4*n = -5*d + 19, 0 = -5*d + 2*d - 5*n + x. What are the prime factors of d?
7
Let q(k) = k**3 + 6*k**2 + k. Let h be q(-6). What are the prime factors of 1/(h/(-4) + -1)?
2
Let b(z) be the third derivative of 5/2*z**3 - 1/24*z**4 + 0*z + 0 - z**2. What are the prime factors of b(8)?
7
Let u be (-273)/14*4/(-6). Suppose 3*m - 38 = u. What are the prime factors of m?
17
Suppose -g + 15 = 3*n, 5*g - 5 = -n - 0*n. Suppose g = -3*i - i + 124. What are the prime factors of i?
31
Let y = 1 - 1. Let r = y + 3. List the prime factors of r.
3
Let m(z) = -z**3 + 10*z**2 + 13*z - 5. What are the prime factors of m(11)?
17
Suppose 0 = 3*t - 5*p - 247, -3 - 2 = p. List the prime factors of t.
2, 37
Let c(d) = 3*d + d**2 + 3 + 2*d**2 + 2 - 2*d**2. Let f = 2 + -6. What are the prime factors of c(f)?
3
Let m = -10 + 17. Let h = m + 0. What are the prime factors of h?
7
Let b(y) = 40*y**2 - y. List the prime factors of b(1).
3, 13
Let v(p) = 25*p + 13. List the prime factors of v(5).
2, 3, 23
Let l = 816 - 508. List the prime factors of l.
2, 7, 11
Suppose b + 152 = 4*w, 4*w - 3*b - 140 = b. List the prime factors of w.
3, 13
Suppose 20 + 1 = 3*d + 3*w, 2*d + 3*w = 14. What are the prime factors of d?
7
Suppose 0*h + h - 7 = 0. Let o = 5 + h. List the prime factors of o.
2, 3
Let c be ((-15)/9)/(2/(-6)). Suppose -40 = -c*b - 0*b. What are the prime factors of b?
2
Suppose 0*a - 2 = -5*b + 2*a, -2*b - 1 = a. Let t = 14 + b. List the prime factors of t.
2, 7
Suppose 5*c - 8 = 2. Suppose -28 = -c*i + 4. List the prime factors of i.
2
Suppose 4*o - 76 = -3*x, -4*x + 2*o = o - 95. Let d = 14 - x. What are the prime factors of ((-12)/d)/((-2)/(-10))?
2, 3
Let a(j) be the third derivative of -2*j**2 - 7/60*j**5 - 1/120*j**6 + 0*j + 0 + j**3 - 1/24*j**4. List the prime factors of a(-7).
13
Suppose 2*f + 1 = -s, 0*f - f - 2*s = 8. Suppose -28 = 3*p + 8*j - 3*j, 0 = -f*p - 5*j - 12. List the prime factors of -3*3/12*p.
2, 3
Suppose -3*r - 2*r + 10 = 0. Let c = r + 6. Suppose -q = -d + c, 0*d + 3*d = -3*q + 6. List the prime factors of d.
5
Let q(f) be the second derivative of -f**3/6 - 2*f**2 - 2*f. Let o be q(-6). Suppose -h + 5*g + 17 = 0, 12 = -o*h + 4*h + g. What are the prime factors of h?
7
Let f = -69 + 240. What are the pr